
Is 21016213 a multiple of 1045?
False
Does 1652 divide 9930172?
True
Is 37 a factor of 3377730?
True
Does 6553 divide 301529190?
False
Is 31262249 a multiple of 373?
True
Is 306 a factor of 2769045408?
True
Is 20 a factor of 2096868560?
True
Is 260 a factor of 192348991?
False
Is 5549769692 a multiple of 374?
False
Is 70 a factor of 172808901?
False
Is 21119595 a multiple of 15?
True
Does 1969 divide 2174723385?
False
Does 2429 divide 716117580?
False
Is 7443 a factor of 789650199?
True
Is 8550058 a multiple of 100?
False
Is 1650 a factor of 20318100?
True
Does 1375 divide 2350955750?
True
Is 30400176 a multiple of 6?
True
Is 697 a factor of 10376936?
True
Does 9 divide 2913592869?
True
Is 25515165 a multiple of 299?
True
Does 10 divide 43569541?
False
Is 176408445 a multiple of 1767?
True
Does 2027 divide 25187502?
True
Does 1886 divide 50320631?
False
Is 4076244 a multiple of 547?
True
Is 43864533 a multiple of 114?
False
Is 2022 a factor of 182261058?
True
Does 47 divide 8059186?
False
Does 4 divide 6091116?
True
Is 163144289 a multiple of 451?
True
Is 9 a factor of 355149827?
False
Is 109096911 a multiple of 14?
False
Does 4584 divide 489548280?
True
Is 15 a factor of 1002798476?
False
Does 657 divide 900765272?
False
Does 12 divide 1490984584?
False
Is 56 a factor of 111256768?
True
Is 621 a factor of 112545693?
True
Is 38592892 a multiple of 32?
False
Does 6681 divide 1817668224?
False
Is 5242155 even?
False
Is 1372593071 a multiple of 678?
False
Does 556 divide 273766616?
True
Is 289 a factor of 96402597?
True
Is 3168 a factor of 250316379?
False
Does 57 divide 5422849?
False
Is 4819 a factor of 90036117?
False
Is 224 a factor of 368010856?
False
Is 1044302 a multiple of 1358?
True
Is 67 a factor of 53883209?
True
Does 3247 divide 121587979?
False
Does 14 divide 474749366?
True
Does 68 divide 1565468596?
True
Does 7 divide 63187775?
True
Does 733 divide 103044626?
False
Is 10557045 a multiple of 219?
False
Is 26 a factor of 1146116856?
False
Is 6787392 a multiple of 552?
True
Is 888740090 a multiple of 1015?
True
Does 2026 divide 228903558?
True
Does 3 divide 3173856?
True
Is 169 a factor of 33009541?
False
Is 4247926 a multiple of 206?
True
Is 459619045 a multiple of 16?
False
Is 21672912 a multiple of 301?
False
Is 24 a factor of 1228263347?
False
Is 481550490 even?
True
Is 526902372 a multiple of 47?
False
Does 4380 divide 409512480?
True
Does 252 divide 198508280?
False
Is 243 a factor of 6648480?
True
Is 653649493 a multiple of 65?
False
Does 3 divide 30833833?
False
Does 14 divide 12677728?
True
Does 247 divide 4199000?
True
Is 77507367 a multiple of 147?
True
Does 316 divide 260609085?
False
Does 205 divide 637655757?
False
Does 237 divide 134389428?
True
Is 420 a factor of 130002180?
True
Is 836 a factor of 196008560?
True
Is 26 a factor of 1616402368?
False
Is 819 a factor of 27572249?
False
Is 25 a factor of 192764825?
True
Does 6 divide 144823539?
False
Is 37 a factor of 64346108?
True
Does 13 divide 39095712?
False
Does 9 divide 1624032?
True
Is 357 a factor of 274005593?
False
Is 124567557 a multiple of 29?
True
Is 1071013005 a multiple of 255?
True
Is 6917952 a multiple of 96?
True
Does 561 divide 18267066?
False
Does 1585 divide 211942423?
False
Does 269 divide 155413813?
False
Is 254 a factor of 225277680?
True
Does 481 divide 69356833?
True
Is 327 a factor of 57276666?
True
Is 568009197 a multiple of 42?
False
Does 1112 divide 1251933766?
False
Is 165 a factor of 80063015?
False
Is 28 a factor of 3263958?
False
Is 31919423 a multiple of 2?
False
Does 43 divide 73682487?
False
Is 110557487 a multiple of 60?
False
Is 92993901 a multiple of 21?
True
Is 277125095 a multiple of 1601?
True
Is 114622944 a multiple of 11?
False
Does 303 divide 441228903?
True
Is 27661013 a multiple of 390?
False
Does 213 divide 525137229?
True
Does 82 divide 1840950758?
True
Is 10012100 a multiple of 50?
True
Is 51694360 a multiple of 34?
False
Is 2908 a factor of 250637686?
False
Is 648963530 a multiple of 3123?
False
Is 28453134 a multiple of 16?
False
Is 36757708 a multiple of 118?
True
Is 564 a factor of 1995033816?
True
Does 4411 divide 1660556238?
True
Does 8805 divide 591951345?
True
Does 31 divide 52455047?
False
Is 5 a factor of 398585820?
True
Is 2219 a factor of 657787046?
True
Is 160 a factor of 133112218?
False
Is 89 a factor of 1039921914?
False
Is 2298642667 a multiple of 4323?
False
Is 5 a factor of 393993425?
True
Does 179 divide 2949433299?
True
Is 508718 a multiple of 98?
True
Is 1817 a factor of 5768975?
True
Is 5282 a factor of 608222300?
True
Does 319 divide 911791001?
True
Is 721 a factor of 2973150958?
False
Is 8 a factor of 149893903?
False
Does 10 divide 28859078?
False
Does 191 divide 42076852?
False
Does 9 divide 472481388?
True
Is 587 a factor of 29872154?
False
Is 10097664 a multiple of 121?
False
Is 72864951 a multiple of 111?
True
Does 623 divide 69768322?
False
Does 9676 divide 2410697398?
False
Is 48 a factor of 1663845439?
False
Is 143223452 a multiple of 9?
False
Is 1224 a factor of 78439458?
False
Is 655017997 a multiple of 6?
False
Does 10 divide 61376110?
True
Is 173916210 a multiple of 507?
True
Is 9 a factor of 27143686?
False
Does 4278 divide 150692550?
True
Is 30405603 a multiple of 2265?
False
Does 30 divide 5083579950?
True
Is 16 a factor of 135981901?
False
Is 311383783 a multiple of 480?
False
Does 454 divide 301739750?
True
Is 105 a factor of 152388390?
True
Is 64 a factor of 1381865720?
False
Is 46049747 a multiple of 121?
False
Is 473882282 a multiple of 131?
True
Is 5 a factor of 59762805?
True
Is 339705764 a multiple of 68?
True
Is 82122112 a multiple of 343?
False
Is 671 a factor of 13939777?
False
Is 14 a factor of 5597802?
True
Does 719 divide 100808114?
True
Does 2356 divide 92278566?
False
Is 3492190279 a multiple of 1259?
True
Is 938011392 a multiple of 96?
True
Does 417 divide 20499720?
True
Is 2152859 a multiple of 226?
False
Is 38 a factor of 966104324?
True
Does 59 divide 2602875624?
True
Is 466418515 a multiple of 1650?
False
Does 358 divide 72041420?
False
Is 21 a factor of 13090654?
False
Is 1415 a factor of 28907035?
True
Does 581 divide 6329331?
False
Is 8 a factor of 20170928?
True
Is 120437086 a multiple of 37?
False
Does 1700 divide 2276109192?
False
Is 24225113 a multiple of 253?
False
Is 45519782 a multiple of 662?
True
Does 240 divide 1103652720?
True
Does 445 divide 91255260?
True
Is 9 a factor of 94851783?
True
Does 754 divide 45994754?
True
Is 74 a factor of 3065734234?
True
Is 3456 a factor of 254199870?
False
Does 136 divide 82713024?
True
Is 849446186 a multiple of 38?
True
Does 4 divide 12249483?
False
Does 485 divide 13444685?
True
Is 83790220 a multiple of 262?
True
Does 325 divide 254302750?
True
Is 9 a factor of 235308303?
True
Does 17 divide 42895847?
False
Is 272 a factor of 48413137?
False
Is 464855940 a multiple of 579?
True
Is 52 a factor of 6266104?
True
Is 149 a factor of 64882497?
True
Is 20529675 a multiple of 2?
False
Is 207047432 a multiple of 1446?
False
Is 1853 a factor of 5176453055?
False
Is 16 a factor of 1405137486?
False
Is 538 a factor of 10753595?
False
Is 537947491 a multiple of 229?
False
Does 40 divide 24540040?
True
Is 22991749 a multiple of 1588?
False
Does 1967 divide 521906077?
True
Does 3312 divide 92302128?
True
Is 5827 a factor of 386941547?
False
Is 7867 a factor of 364649955?
False
Is 38 a factor of 1284231090?
True
Is 7 a factor of 826422657?
False
Does 146 divide 373747967?
False
Is 102 a factor of 7343837?
False
Does 158 divide 453848680?
True
Does 6 divide 6159858?
True
Does 278 divide 333148580?
False
Is 5 a factor of 899876910?
True
Does 6011 divide 743332282?
True
Is 40 a factor of 18401840?
True
Is 206 a factor of 773199385?
False
Does 1262 divide 32931194?
False
Does 28 divide 80614221?
False
Does 30 divide 4445871090?
True
Is 44537137 a multiple of 8?
False
Is 3681623241 a multiple of 131?
False
Is 15651706 a multiple of 58?
True
Does 111 divide 325210221?
False
Does 151 divide 2415014647?
False
Is 61857217 a multiple of 2147?
True
Is 131842318 a multiple of 3188?
False
Is 24 a factor of 157081413?
False
Is 30 a factor of 524831250?
True
Is 32658522 a multiple of 6?
True
Is 433777675 a multiple of 2348?
False
Is 38